e highest common factor of j and 8?
4
Let h = 508 + -505. Let j be 40/(-8) + (0 - (-519 - h)). What is the highest common factor of 47 and j?
47
Let s(w) = -w**3 + w**2 + 50. Let p be s(0). Let k(y) = 31*y + 260. Let u be k(-10). Let n be u/(4/((-20)/10)). What is the highest common factor of n and p?
25
Suppose 3 = b - 0. Suppose 0 = 2*g + b*g - 5. Let m be (-588)/(59 + -31) + 32. What is the greatest common factor of m and g?
1
Let q be (180/(-10) - -6) + 454. Calculate the highest common divisor of 85 and q.
17
Let s be 1055/(-15) + -2*2/(-12). Let x = 40 - s. What is the greatest common factor of 20 and x?
10
Suppose -4*d - 20 = -8*d. Suppose 6 = d*z - 7*z, z = -5*w + 102. What is the greatest common factor of w and 77?
7
Let c(h) = -4*h + 1 + 3*h**2 + 2*h**3 - 8*h + 4*h**2 - 31. Let f be c(-7). Let g be 4/(-4) - f*(-2 - -3). Calculate the greatest common factor of 36 and g.
36
Suppose z + 4*z - 230 = -5*q, -2*q - 5*z = -110. Calculate the greatest common factor of q and 15230.
10
Suppose 3 = 2*j + 3*g - 16, -g + 9 = 2*j. Let r = 339 + -316. Suppose r*h = 29*h - 60. Calculate the greatest common factor of h and j.
2
Let g(m) = -2*m - 26. Let p = 66 - 85. Let b be g(p). Let j = 124 - 64. Calculate the greatest common divisor of b and j.
12
Let i(o) = o**2 + 8*o + 1507. Let a be i(0). Calculate the highest common divisor of a and 33.
11
Let h(d) = 5*d - 54. Let w be h(-5). Let s = 205 + w. Let z be (-106)/(-6) - (-5)/15. Calculate the highest common divisor of z and s.
18
Let t be 848/6*((-115)/(-20) + -5). Calculate the greatest common factor of 2173 and t.
53
Suppose -2*r + 3 = -1, f + 4*r = 10. Let h be 2*(f - 25/(-5))*5. What is the highest common factor of h and 105?
35
Suppose -118 - 24 = -3*i + 4*o, 0 = -i + 5*o + 51. Let r(p) = 195*p - 7. Let n be r(3). Suppose -n = -5*b - 3. What is the greatest common divisor of b and i?
23
Let f(x) = x**3 - 32*x**2 - 27*x - 195. Let n be f(33). What is the greatest common factor of n and 61?
1
Let i = 1502 - -3526. Calculate the greatest common factor of 12 and i.
12
Let p = -52460 - -52472. Let i(f) = 10*f - 4. Let a be i(4). What is the highest common divisor of a and p?
12
Let n be 0/(-1) - 8/(-2). Suppose 3*m = -k - 567, 5*m = -2*k - 2*k - 2289. Let r = k + 586. What is the highest common divisor of n and r?
2
Suppose 47544 = 47*i - 5*i. What is the highest common divisor of i and 28?
4
Let f be (8 + -8)*(2 - 3). Suppose f*q - 56 = -q + 4*s, -4*s = -4*q + 272. Calculate the greatest common factor of 4 and q.
4
Suppose 4*l + 189*x - 121379 = 192*x, 0 = -l - 2*x + 30342. What is the highest common divisor of 8 and l?
8
Suppose -49*i + 936 = 299. Suppose 14 = -2*w + 66. Let s be w*(0 - 4/(-8)). Calculate the highest common divisor of i and s.
13
Suppose -2607 = -5*a - 4*t - 648, t = a - 390. What is the greatest common factor of 161 and a?
23
Let f(d) = -4*d + 2. Let h be f(1). Let o be (-3 - -1)/(h/40). Suppose -5 = x, 2*m - x - 7 = -6*x. What is the greatest common divisor of o and m?
8
Let b = -9563 - -20557. Calculate the greatest common factor of b and 46.
46
Suppose -g - 4*t = -79, t - 45 = -3*g + 181. Let x be -1 + 0 + -2 - -109. Let f = x - g. Calculate the highest common factor of f and 93.
31
Let m = -254 - -258. Suppose m*p - 11 = 429. Calculate the highest common factor of 66 and p.
22
Let q = 67 + -51. Let j be -2*(-8 - -3 - -3). Suppose 2*h - 165 + 31 = -f, 4*f = -j*h + 556. Calculate the highest common divisor of f and q.
16
Suppose 0 = 3*a - 5*j - 520, 3*a - 91*j + 87*j - 521 = 0. Calculate the greatest common factor of a and 455.
35
Suppose 0 = -591*w + 6357 + 2609 + 2854. Let o = 229 - 89. Suppose 3*i - 2*i - o = 0. What is the highest common divisor of w and i?
20
Suppose -14*t = -16*t + 132. Suppose t*g - 64*g = 36. What is the highest common divisor of g and 30?
6
Let p(j) = -4*j**3 + 20*j**2 - 5*j + 14. Let q be p(6). Let r = q - -232. Calculate the highest common divisor of r and 16.
8
Let o(n) = 11*n - 1. Let f be o(3). Let c = 67 - f. Let v = -1144 - -1151. Calculate the greatest common divisor of c and v.
7
Suppose 52*m + 39*m + 9982 - 165683 = 0. What is the greatest common divisor of 413 and m?
59
Let d be 126*(-4 + -10 + 15 - (-3)/(-21)). Suppose 0*l - l + 5*f = -395, -1185 = -3*l + 2*f. Let j = l - 125. Calculate the greatest common divisor of d and j.
54
Suppose -4*s - u = -35, 39*u - 38*u - 7 = 0. Calculate the greatest common divisor of s and 164.
1
Suppose 2*h - 5*m - 98 = -16, 4*h - 60 = -3*m. Calculate the greatest common factor of h and 14217.
21
Suppose -83*v = -96*v + 26. Suppose v*y = -5*i + 652, i + 4*i = y - 296. Calculate the highest common factor of 4 and y.
4
Let g(o) = 43*o + 3900. Let l be g(-90). Let w be 1*(-3 + 5 + -20). Let y be (-2)/(-4) - 1341/w. Calculate the highest common divisor of y and l.
15
Suppose 8*l = 3822 - 1562 + 4500. What is the highest common divisor of l and 15?
5
Suppose 0 = -4*k - 41*k + 524790. Calculate the highest common divisor of 34 and k.
34
Let o = -256 + 426. Suppose 16 = -c + o. What is the highest common factor of 385 and c?
77
Let p be 2/(-20) + 20909/290. What is the highest common factor of p and 5220?
36
Suppose -218 + 1246 = 4*x. Suppose 10*k = x - 37. What is the greatest common divisor of 2 and k?
2
Suppose 5*m - 3*m + 4*i = -126, 0 = m + i + 66. Let k be (0 - m)*90/30. Calculate the highest common divisor of k and 23.
23
Let r be -4 + 4/((-12)/(-15)). Let s be (-3 - r)/((-8)/116). What is the greatest common divisor of 2 and s?
2
Let b be (-126)/4*(-3420)/(-304)*16/(-6). What is the highest common divisor of 459 and b?
27
Suppose -5 = -5*w, -3*r + 13*w - 11*w - 2 = 0. Let g(v) = -10*v + 92. Let m be g(r). What is the highest common divisor of m and 161?
23
Suppose -8*i = -5403 - 7589. Calculate the greatest common divisor of i and 8.
8
Let d = 110 - -2. Calculate the highest common divisor of 1183 and d.
7
Suppose 4*r - 242*r + 2718 = -6326. Calculate the greatest common divisor of r and 11552.
38
Let j be (-29)/(-9) + (3 - 203/63). Suppose -j*p - 132 = -4*g + p, 0 = 5*g - 2*p - 153. Let v = g - -16. What is the greatest common factor of v and 18?
9
Let x be (-12)/(-18) + 50/15. Let n be x/16 - 646/(-8). Calculate the highest common divisor of 9 and n.
9
Let t be (-4)/(-24)*-3*(-19 - 1). Suppose -3*m = 4 - t. Suppose r - 20 = -2*k, m*k + 7 = 2*r - 45. Calculate the highest common divisor of 3 and r.
3
Suppose 44 = 5*b + 2*w, 79 = 5*b - 3*w + 20. Let o be b/(-4)*((-7616)/(-40))/(-14). What is the highest common divisor of 646 and o?
34
Let m = 35 + -33. Let y be m/(-6) - (-175)/21. Suppose -2*j + 8 = o, o - 22 = -3*j + y*j. Calculate the greatest common divisor of o and 12.
12
Let q = 604 + -379. Let a be (71 - 91)*36/(-8). What is the greatest common factor of q and a?
45
Let s(x) = -3*x**2 + 79*x - 23. Let m be s(26). Suppose z - 327 = -2*z + m*d, 2*d = 5*z - 530. Calculate the greatest common divisor of 16 and z.
8
Let q(f) = -8334*f + 9693. Let m be q(-9). Calculate the highest common divisor of m and 27.
27
Let o(t) = 29*t + 1. Let f = -4 + 5. Let k be o(f). Let i be 2*13 - 6*(5 + -4). Calculate the greatest common factor of i and k.
10
Suppose -83397 = -21*s + 3354. What is the greatest common divisor of 51 and s?
51
Let v(a) = 6*a - 1. Let o be v(2). Suppose 12 = 4*p - 3*p + 3*b, 2*p + b - 4 = 0. Suppose p = 3*r - 8*r + 440. What is the greatest common factor of o and r?
11
Let m(n) = 23*n**2 - n. Let p be m(2). Suppose -5*v = -3*d - 228 + 108, -3*v + 104 = -5*d. Calculate the highest common divisor of v and p.
18
Let o(y) = y**3 + 42*y**2 + 31*y - 311. Let t be o(-41). Suppose 0*f + 36 = 4*f. Calculate the greatest common divisor of t and f.
9
Let k(w) = -w**2 - 8*w - 4. Let z be k(-4). Let d be -1*((-7)/(-21) + (-148)/12). Calculate the greatest common divisor of d and z.
12
Let v(f) = 60*f**3 - f**2 + 10*f - 20. Suppose -3*k = 5*c - 31, -k + 28 - 1 = 5*c. Let x be v(k). What is the greatest common factor of 28 and x?
28
Suppose -2*g = 3*c - 190, -4*c + 299 = 4*g + 35. What is the greatest common factor of 406 and c?
58
Suppose 9053*p + 336256 = 9090*p. Calculate the highest common divisor of p and 213.
71
Suppose -2053 + 1480 = 19*i - 18661. Calculate the greatest common divisor of i and 280.
56